1?
False
Is 837 a factor of 1151402310?
True
Is 5 a factor of 76577360?
True
Is 128560494 a multiple of 51?
True
Is 341 a factor of 466237?
False
Is 18011337 a multiple of 15?
False
Does 13 divide 6973798?
True
Is 140 a factor of 782795821?
False
Does 7994 divide 855334036?
False
Is 34 a factor of 22512692?
True
Is 1193816478 a multiple of 327?
False
Is 237712743 a multiple of 59?
False
Is 32397755 a multiple of 5?
True
Does 23 divide 70528576?
False
Does 14 divide 369036374?
True
Is 218 a factor of 210524780?
True
Does 360 divide 16358285?
False
Is 169974217 a multiple of 739?
False
Does 1687 divide 132612897?
False
Is 8 a factor of 31771645?
False
Does 1650 divide 24185700?
True
Does 7 divide 4168009?
False
Does 1617 divide 751715811?
True
Does 29 divide 89709934?
True
Does 55 divide 334733118?
False
Is 6714874 a multiple of 67?
True
Does 80 divide 756720?
True
Does 12 divide 268157880?
True
Is 3 a factor of 17620856?
False
Is 5861 a factor of 1078999099?
False
Is 235915958 a multiple of 4983?
False
Is 18261280 a multiple of 152?
True
Does 9 divide 8082789?
False
Is 30596874 a multiple of 13?
False
Does 844 divide 551508379?
False
Is 1379 a factor of 15319311?
True
Does 1005 divide 63177331?
False
Is 4981789504 a multiple of 64?
True
Is 502 a factor of 18463205?
False
Is 1568842 even?
True
Does 31 divide 49743679?
False
Is 186145921 a multiple of 447?
False
Is 810 a factor of 98341909?
False
Is 30921516 a multiple of 18?
True
Is 11 a factor of 4128455?
False
Is 6145430 a multiple of 10?
True
Is 950 a factor of 1170562291?
False
Is 36517785 a multiple of 51?
True
Does 6141 divide 196828850?
False
Is 4058 a factor of 57570846?
True
Is 136885954 a multiple of 358?
True
Does 1972 divide 56978451?
False
Does 4132 divide 138207136?
True
Is 47942417 a multiple of 1223?
False
Is 23 a factor of 16483962?
True
Does 3 divide 98241205?
False
Is 99144960 a multiple of 12?
True
Does 804 divide 3897725?
False
Is 5068622 a multiple of 106?
False
Is 509 a factor of 493432462?
False
Is 50838367 a multiple of 2347?
True
Does 6318 divide 619348507?
False
Does 9 divide 1232273832?
False
Does 11 divide 991426914?
False
Is 70562674 a multiple of 6?
False
Is 77693770 a multiple of 230?
True
Does 299 divide 7392669?
False
Is 6 a factor of 4362774?
True
Is 11103008 a multiple of 950?
False
Is 144073487 even?
False
Is 28239674 a multiple of 22?
False
Does 1344 divide 1522602309?
False
Is 1331 a factor of 1515018736?
True
Is 514824 a multiple of 24?
True
Does 18 divide 163351291?
False
Does 244 divide 243265002?
False
Is 196 a factor of 188217820?
True
Is 55459840 a multiple of 1024?
True
Does 16 divide 1157786096?
True
Is 211 a factor of 126415599?
False
Is 388 a factor of 605260988?
True
Does 25 divide 1832455698?
False
Does 33 divide 37478812?
False
Is 379 a factor of 1002819847?
False
Does 14 divide 428119985?
False
Does 80 divide 4297200?
True
Is 1810 a factor of 90141620?
True
Does 78 divide 115351626?
True
Is 28218627 a multiple of 1265?
False
Is 26 a factor of 9669600?
False
Is 1169665892 a multiple of 17?
True
Does 44 divide 30036984?
False
Is 178 a factor of 1720575765?
False
Is 10793550 a multiple of 21?
False
Does 476 divide 114745523?
False
Does 5762 divide 1930146698?
False
Is 48 a factor of 672300096?
True
Is 636984936 a multiple of 488?
True
Does 31 divide 55992541?
True
Does 7233 divide 112341080?
False
Is 7052096 a multiple of 174?
False
Is 11224925 a multiple of 82?
False
Does 7444 divide 2616929736?
False
Is 23529082 a multiple of 59?
True
Does 261 divide 44364837?
False
Is 103460625 a multiple of 3375?
True
Does 163 divide 14440333?
True
Is 88577250 a multiple of 48?
False
Is 5551026 a multiple of 2?
True
Is 23483383 a multiple of 7?
True
Does 675 divide 88537115?
False
Is 2547 a factor of 112175884?
False
Does 76 divide 83484287?
False
Is 55 a factor of 7951020?
True
Does 4 divide 2635992?
True
Is 1976328 a multiple of 72?
True
Is 16083016 a multiple of 3?
False
Is 108312267 a multiple of 69?
True
Is 34750364 a multiple of 1892?
True
Is 2605 a factor of 548568480?
False
Does 2625 divide 1484348250?
True
Is 18 a factor of 141133014?
True
Is 2323 a factor of 6173616415?
True
Is 65077968 a multiple of 131?
False
Does 9 divide 1071050961?
False
Is 1184887527 a multiple of 72?
False
Is 273 a factor of 224809185?
False
Is 16 a factor of 1920575340?
False
Is 544985996 a multiple of 7?
False
Does 420 divide 193370940?
True
Is 129 a factor of 2288106048?
False
Does 9127 divide 1439072511?
False
Is 215407530 a multiple of 33?
False
Is 1208617942 a multiple of 113?
True
Is 13 a factor of 163334099?
False
Does 2281 divide 97626340?
False
Is 1543016845 a multiple of 177?
False
Is 22 a factor of 2051843134?
True
Is 13772122 a multiple of 30?
False
Does 9 divide 6726010?
False
Is 35 a factor of 6582518?
False
Is 240 a factor of 120393129?
False
Does 35 divide 536749471?
False
Is 379574067 a multiple of 1125?
False
Is 66 a factor of 25158078?
True
Is 813 a factor of 11834126?
False
Does 38 divide 117551131?
False
Is 1198 a factor of 59505357?
False
Does 13 divide 1339099996?
True
Is 8285728 a multiple of 352?
True
Is 171 a factor of 742509702?
True
Is 1278952 a multiple of 96?
False
Is 51033008 a multiple of 676?
False
Is 942 a factor of 44446386?
True
Is 64865135 a multiple of 2?
False
Is 651636492 a multiple of 372?
True
Is 2137 a factor of 532098041?
True
Does 14195 divide 3256403975?
True
Is 107 a factor of 2039308039?
False
Is 13529984 a multiple of 188?
True
Does 5101 divide 81877904?
False
Is 221 a factor of 23273355?
False
Is 19 a factor of 1760798?
False
Does 3 divide 200624235?
True
Is 4 a factor of 183155479?
False
Is 302319985 a multiple of 27?
False
Is 52030860 a multiple of 516?
True
Does 6 divide 24054138?
True
Is 1630 a factor of 83961300?
True
Is 856983152 a multiple of 3407?
True
Is 21 a factor of 898140621?
True
Does 23 divide 41732367?
False
Is 13 a factor of 16767182?
False
Does 237 divide 1259662424?
False
Does 1701 divide 48083868?
True
Is 81511119 a multiple of 61?
False
Is 7 a factor of 36924146?
True
Is 25 a factor of 51614631?
False
Is 1412258701 a multiple of 1125?
False
Is 1156 a factor of 396111527?
False
Does 615 divide 2838134?
False
Is 2206205249 a multiple of 5573?
False
Is 286706019 a multiple of 7?
False
Does 1170 divide 233233599?
False
Is 12 a factor of 1905949501?
False
Is 4659226 a multiple of 13?
True
Is 2923 a factor of 183444557?
True
Is 56119707 a multiple of 619?
False
Does 3 divide 42282425?
False
Does 2 divide 25177111?
False
Does 42 divide 205025412?
False
Is 426 a factor of 1170174166?
False
Is 121158133 a multiple of 247?
False
Is 2953071 a multiple of 1793?
True
Does 791 divide 378587235?
False
Does 259 divide 224768154?
False
Does 253 divide 19628346?
False
Does 12 divide 64958449?
False
Does 2 divide 7872082?
True
Is 1189712829 a multiple of 982?
False
Is 38160716 a multiple of 51?
False
Is 369 a factor of 133020441?
True
Is 1137 a factor of 3775775751?
True
Is 20179116 a multiple of 5?
False
Is 172 a factor of 50374509?
False
Is 24693964 a multiple of 16?
False
Does 14 divide 154846?
False
Is 53 a factor of 249509054?
True
Is 50 a factor of 13994500?
True
Is 372230748 a multiple of 2052?
True
Does 335 divide 694021510?
True
Does 8 divide 1626288920?
True
Does 36 divide 5232772?
False
Does 432 divide 18888105?
False
Is 38 a factor of 370487154?
False
Is 124 a factor of 952446504?
False
Is 1941 a factor of 446969196?
False
Does 598 divide 113376016?
True
Is 80417612 a multiple of 11?
True
Is 4952 a factor of 136980330?
False
Is 161902902 a multiple of 381?
True
Is 164 a factor of 1890585093?
False
Is 384 a factor of 88785792?
True
Is 3965084 a multiple of 313?
True
Is 4481898 a multiple of 402?
True
Does 6 divide 60659677?
False
Is 360735836 a multiple of 107?
False
Is 3397 a factor of 480678170?
False
Is 24141285 a multiple of 1329?
True
Does 389 divide 743832173?
False
Is 11974996 a multiple of 4?
True
Is 1033441635 a multiple of 5?
True
Does 984 divide 356556264?
False
Is 497687436 a multiple of 501?
False
Is 528 a factor of 11483752?
False
Is 732 a factor of 24866040?
True
Does 48 divide 8125584?
True
Does 14 divide 18123700?
True
Is 6489709 a multiple of 44?
False
Does 2488 divide 17846424?
True
Is 334